95. List the prime factors of (-345)/m - 8/(-36).
13
Let d(p) = p**2 - 4*p + 5. Let o = 20 + -25. List the prime factors of d(o).
2, 5
Suppose 3*z - 3*u - 54 = 0, 3*u - 80 = -5*z + 6*u. Suppose 0 = z*t - 1651 - 299. What are the prime factors of t?
2, 3, 5
Let p(i) = 9*i**2 + 4*i - 5. List the prime factors of p(-4).
3, 41
Let n be 2/(2 - (-14)/(-6)). Let f = -3 - n. Suppose x + f*r = -0*x + 5, -3*r + 10 = 2*x. What are the prime factors of x?
5
What are the prime factors of 2/5 - 2988/(-30)?
2, 5
Let w(k) = k**2 - 2*k + 291. What are the prime factors of w(27)?
2, 3, 7, 23
Let v be 1*22/4*(7 + -9). What are the prime factors of 0 - -47 - (-44)/v?
43
Let k be 6/9*(-171)/(-6). Suppose 5*t + 1 = -k. List the prime factors of 3241/105 - t/30.
31
Let x(w) = -w**2 - 5*w. Let d = -13 - -13. Let s be ((-1 - d) + 4)/(-1). What are the prime factors of x(s)?
2, 3
Let s(v) = 319*v - 2. Let o be s(1). Suppose 5*i = -4*p - 56 + o, 5*p - i - 348 = 0. List the prime factors of p.
3, 23
Let y = 788 - 522. Suppose -3*w - f = -0*f - y, 4*f - 263 = -3*w. What are the prime factors of w?
89
Let t = 35 - 60. Let k = t - -35. What are the prime factors of k?
2, 5
Let f(d) = 14*d**2 - 253. List the prime factors of f(14).
47, 53
Let p = 1050 + -431. What are the prime factors of p?
619
Let p(x) = -2*x - 18. Let i(c) = -3*c - 19. Let z(d) = 3*i(d) - 4*p(d). List the prime factors of z(-18).
3, 11
Let t(j) = j**2 + 4*j. Let l be t(-5). Suppose 5*a - 4*d = 126 + 224, -350 = -l*a - 3*d. Let g = a + -47. List the prime factors of g.
23
Let a = -32 + 34. Let s(u) = u + 2. Let n be s(2). Suppose 5*r + 4*w - 58 = a*w, n*r = 4*w + 24. List the prime factors of r.
2, 5
Suppose -5*v + 98 = -7. Suppose -v*x = -22*x + 179. What are the prime factors of x?
179
Let j(l) = 1444*l - 387. What are the prime factors of j(2)?
41, 61
Let j(a) = a**2 - 25*a + 30. List the prime factors of j(28).
2, 3, 19
Suppose 6*f - 4*f = -4. What are the prime factors of f/7 - (-996)/7?
2, 71
Let k = 363 - 171. List the prime factors of k.
2, 3
Suppose d = 3*j - 7055, -2*j + 2*d + 2930 + 1776 = 0. What are the prime factors of j?
2351
Let w(v) = -v - 4. Let k be w(-8). Suppose -k*d + 30 - 34 = 0. What are the prime factors of 6/(((-12)/160)/d)?
2, 5
Suppose -3*q - y = 128 + 42, -4*y - 216 = 4*q. Suppose -5*u - 3*g = 165, -18*u = -13*u - 4*g + 130. Let p = u - q. What are the prime factors of p?
2, 7
Let u(m) = 2*m + 14. Let b be u(-7). List the prime factors of (-9 - -7) + (-1 - b - -141).
2, 3, 23
Let m = -14 + 16. Suppose 4*c = 4*h + 84, 3*h = m*c + 2*h - 39. Suppose -3*i = -72 - c. List the prime factors of i.
2, 3, 5
Suppose 0 = -3*m - m - 8. Let g be (m + 1)*(-5 - 1). Suppose -x - g = -9. List the prime factors of x.
3
Suppose 34*c = 43*c - 14877. List the prime factors of c.
3, 19, 29
Suppose 59*j - 101672 = -12*j. What are the prime factors of j?
2, 179
Let b(s) = 5*s - 13 + 0*s**3 + 27*s**2 + 2*s - 19*s**2 - s**3. List the prime factors of b(7).
5, 17
Suppose 3*a - 1 + 0 = v, 0 = -4*v - 16. Let k(c) = -4*c**3 - 2*c**2 - c. Let q be k(-1). Let z = q - a. List the prime factors of z.
2
Let p(t) = -189*t**3 + t**2 - 3*t - 5. List the prime factors of p(-2).
37, 41
Suppose 4*j + 300 = -j. List the prime factors of (j/48)/(3/(-648)).
2, 3, 5
Let i(m) = -m - 1. Let b be i(-7). Let l be (-269)/b - (-9)/(-54). Let h = l + 78. What are the prime factors of h?
3, 11
Suppose 82*u + 6219 = 91*u. What are the prime factors of u?
691
Let i(b) be the second derivative of 241*b**4/12 + b**3/6 + 4*b. List the prime factors of i(-1).
2, 3, 5
Suppose -o - 3 = 0, 3*o + 49 = 4*b + b. Suppose -5*s = -25, 5*l = 4*s - b*s + 1485. What are the prime factors of l?
293
Let r be 18/(4/3 + -2). Suppose 5*y - g = -0*g + 314, -5*g + 5 = 0. Let d = y + r. What are the prime factors of d?
2, 3
Let v(c) = 2*c - 21. Suppose -3*j + 322 = 11*j. List the prime factors of v(j).
5
Suppose -45*p = -60*p + 7815. List the prime factors of p.
521
Let o = 2804 + -622. What are the prime factors of o?
2, 1091
What are the prime factors of 1 + 6 + (793 - 7)?
13, 61
List the prime factors of 10/(-80)*22*(-1744)/2.
2, 11, 109
Let a(j) = 92*j**3 - 1. Let h = 19 - 18. What are the prime factors of a(h)?
7, 13
Let v = -6 + 0. Let q be 2*1*(8 + v). Suppose -4 = -2*k + 4*n + q, 2*n = -2*k + 20. What are the prime factors of k?
2
Let g = -249 - -139. What are the prime factors of (g + 2)/(-2) + 2?
2, 7
Let w = 1071 - 552. What are the prime factors of w?
3, 173
Let y = 9990 - 5837. List the prime factors of y.
4153
Let g = 1034 - 239. What are the prime factors of g?
3, 5, 53
Suppose -36 = c - 5*c + v, 3*c + 3*v = 27. List the prime factors of 6/c - (-70)/3.
2, 3
Let i(v) = v**2 + 2*v + 1. Let b be i(-1). Let c be (b + 7)*(-16)/(-56). What are the prime factors of -1 + c + 1 + 1?
3
Let g be (-8 - -74) + 6/2. Let d = 104 - g. What are the prime factors of d?
5, 7
Suppose -u + 0*u + 5*p + 144 = 0, 3*u - 472 = -5*p. Suppose 5*f - 829 + u = 0. Suppose 0 = -h - 2*h + f. What are the prime factors of h?
3, 5
Suppose 6*x - 11*x = 5*k - 6535, -4*x = 5*k - 6535. What are the prime factors of k?
1307
Suppose -4*k = -26*k + 46310. List the prime factors of k.
5, 421
Let r be (23/3 - 6)*6/5. Suppose 0 = 5*f + 3*l + r*l - 365, -l - 79 = -f. What are the prime factors of f?
2, 19
Let h be 1/(-2) - 12/8. Let z be (-2)/h*(-2 - -2). Let m(c) = -c**2 - c + 5. List the prime factors of m(z).
5
Suppose 0 = t - 3*w + 343, 3*t + 484 + 524 = 2*w. Let m be t/(-6) + 9/27. Suppose l - 38 = -4*s - 15, -2*s = -4*l + m. List the prime factors of l.
3, 5
Let j = 671 - 266. Suppose 3*l - 7*l + j = 3*s, 15 = 5*s. What are the prime factors of l?
3, 11
Let p be 182/10 - 1/5. Let m(d) = d**3 + 14*d**2 - 16*d - 10. Let n be m(-15). Let o = p + n. List the prime factors of o.
23
Suppose -11*x + 22*x = -4169. Let s = -243 - x. List the prime factors of s.
2, 17
Let x = -749 - -1540. What are the prime factors of x?
7, 113
Let k = 16 + -13. Let c(m) = 2*m**2 - 3*m. Let i be c(k). Let o = i + 5. What are the prime factors of o?
2, 7
Let g = -7264 - -11931. List the prime factors of g.
13, 359
Let s be 2*2 - (-45 + -11). Let n = s - 100. Let v = -17 - n. List the prime factors of v.
23
Let j(t) = -t**3 + 3*t**2 - 3*t - 3. Let b be j(-5). Suppose -4*q - 216 = -4*h, -3*q - q + 3*h = b. Let u = 72 + q. What are the prime factors of u?
2, 11
Suppose 13 - 3 = -5*q. Let g be (-126)/(-27) + q/(-6). Suppose g*p = -4*c + 130, -2*p - 3*p + 2*c + 130 = 0. What are the prime factors of p?
2, 13
Let h be -1*(-5)/((-5)/(-3)). Suppose -45 = -5*a - 5*v + 20, h*a - 2*v - 59 = 0. List the prime factors of 8/(5 - 1)*a.
2, 17
Let w = 875 - -2191. What are the prime factors of w?
2, 3, 7, 73
Suppose -3*t - 15 = -6*t. Suppose 5*o - 20 = 0, 6*o - o = -t*a + 140. List the prime factors of a.
2, 3
Let p = 2751 + -1595. List the prime factors of p.
2, 17
Suppose 28 = -4*o - 0*y + 5*y, -2*y + 14 = -3*o. Let f = 16 + o. Suppose -3*b = -19 - f. What are the prime factors of b?
11
Suppose -2*d + 5604 = -3178. List the prime factors of d.
4391
Let r = 985 + -71. What are the prime factors of r?
2, 457
Let j(q) = 55*q. Let f = -16 + 17. List the prime factors of j(f).
5, 11
Let z be 100/6*648/48. Let n = z + -106. List the prime factors of n.
7, 17
Suppose -3*j + 2*p + 4280 = 0, -2*j + 4*p + 2311 = -545. List the prime factors of j.
2, 23, 31
Let s = -190 + 372. Let a = s + -103. List the prime factors of a.
79
List the prime factors of (395 + 1)*(-364)/(-112).
3, 11, 13
Let p(h) = -3*h + 7. Let k be p(7). Let m be (-3 - k/4)*46. What are the prime factors of (m - (3 - 0)) + 4?
2, 3
Let c(w) = 10 + 3 + 6*w + 1. What are the prime factors of c(8)?
2, 31
What are the prime factors of (-1)/(-2*(-51316)/(-17104) + 6)?
2, 1069
Suppose -48*n = 20*n - 62288. What are the prime factors of n?
2, 229
Let r(h) = 63*h**2 - 5*h. Let w(y) = -316*y**2 + 24*y. Let b(z) = -14*r(z) - 3*w(z). List the prime factors of b(-1).
2, 17
Suppose 0 = 8*c - 7*c - 368. Suppose -3*m = -7*m + c. What are the prime factors of m?
2, 23
Suppose -3*h = -4485 - 678. What are the prime factors of h/8 - (-7)/(-56)?
5, 43
Let g(k) = k**3 - 7*k**2 + 2*k - 9. Let s be g(7). Let x be (4/8)/(s/(-180)). What are the prime factors of (-1 + -1)/(x/603)?
67
